 + 1147/6940. Let r(p) be the second derivative of 23*p + l*p**5 - 5/12*p**4 + p**2 + 1/3*p**3 + 0. What is r(4)?
-6
Suppose 15 = -5*k - 5*l, -2*k - k + 3*l = -21. Let w(c) be the second derivative of k*c**2 + 8*c + 0 + 1/3*c**3. What is w(-4)?
-4
Let t be 1599/(-164) + (-15)/60. Let y(g) = -g**3 - 16*g**2 - 60*g + 2. Give y(t).
2
Let v(a) = a**2 + 7*a + 5. Let b = -16 - -30. Let s(u) be the third derivative of -u**4/24 + 4*u**3/3 + 30*u**2. Let g be s(b). Give v(g).
-1
Let k(z) be the first derivative of -z**3/6 + 29*z**2/2 + 42*z - 34. Let x(y) be the first derivative of k(y). Calculate x(0).
29
Let p(a) be the first derivative of a**3/3 - 5*a**2/2 + a - 1. Suppose 0 = m - 5, m = -6*j + 4*j + 347. Let i = -165 + j. Give p(i).
7
Let h(t) be the third derivative of -t**6/120 + t**5/6 + 7*t**4/8 + 29*t**3/6 - 23*t**2. Let f be h(12). Let z(a) = a + 6. What is z(f)?
-1
Let g be 1/(6 + (102/9)/(-2)). Let u(o) = 0 - 3 - 2*o + g + 4 - 5. Determine u(-1).
1
Suppose 0 = -x - 4*d - 0 + 76, -2*x - 6*d + 142 = 0. Let v be -1*((-14)/x)/((-2)/(-8)). Let y(i) = 11*i**2 - i. Determine y(v).
10
Let d(h) = -h**3 + h + 2. Suppose -2860 + 430 = -15*r. Let b be ((-4)/(-6))/((-36)/r). Let j(o) = o**3 + 3*o**2 + 2*o + 8. Let g be j(b). Give d(g).
-4
Let v(u) = 2*u**2 + 13*u + 17. Let f be v(-5). Let p(s) = -27*s + 3 + f + 1 - 5. Give p(1).
-26
Suppose -68*p + 128 = 9*p - 26. Let v(o) be the third derivative of -9*o**p + 1/6*o**3 - 1/60*o**5 + 0*o - 1/24*o**4 + 0. Determine v(-2).
-1
Let i(n) = 110*n - 1766. Let b be i(16). Let q(u) = u**3 + 6*u**2 - 2. What is q(b)?
-2
Let x(p) be the first derivative of -13*p**2/2 - 150*p + 573. Give x(-11).
-7
Let d(y) = -2*y - 8. Suppose 252 = 3*c - 5*n, -2*c + 0*c + 2*n + 168 = 0. Suppose -29*b + c = -15*b. Calculate d(b).
-20
Let o(j) be the third derivative of 7*j**4/8 + 61*j**3/3 - 177*j**2 + 4. What is o(-6)?
-4
Let y(h) = -6*h**2 - 163*h - 1 - 2*h**2 + 4*h**2 + 2*h**2 + 156*h - 3. Let m(d) = -d**3 + 11*d**2 + 13*d - 16. Let i be m(12). Calculate y(i).
-8
Let y(b) = -90036 - 7*b + 45028 + 45016. Give y(-2).
22
Let g(d) = -13 + 118*d + 8 - 6 - 121*d. Let r(n) = n**2 + 6*n - 6. Let y be r(-6). What is g(y)?
7
Let a be 4*(7 - 15/3). Let p(r) = -r + 0*r - a + 3*r + 2. Give p(4).
2
Let p = -982 - -976. Let k(h) = h**2 + 4*h - 14. Calculate k(p).
-2
Let b(d) = -d**3 - 4*d**2 + d - 12. Let v(g) = -g**3 + 2*g**2 - 21*g + 4. Let l be v(0). Suppose o + o - 4*i + 2 = 0, l*o - 4*i + 12 = 0. Calculate b(o).
8
Let d(x) = x**2 + 26*x + 158. Suppose -136*p = -133*p - 12, -4*q - 3*p = 52. Give d(q).
-2
Suppose -3*h + o = 2*h + 23, 32 = -5*h + 4*o. Let c(u) = -5*u - u**2 + 2953 + 2*u - 2954. Determine c(h).
-5
Suppose 0 = 21*u - 28 + 91. Let f = 8 - 12. Let v(j) = -4*j**2 - 3*j + 4. Let k(h) = -h**3 + 5*h**2 + 4*h - 5. Let m(l) = f*v(l) + u*k(l). Calculate m(-2).
-21
Let o(x) = -x**3 - 9*x**2 - 9*x + 5. Let z(d) = -12*d**2 - 4*d + 5. Let y be z(2). Suppose 38 = -f + g, -3*g = 2*f - 2*g + 91. Let q = y - f. Calculate o(q).
13
Let j(r) = r**3 - 6*r**2 + 6*r - 6. Let o be -1*(-2)/(-6)*0. Let s(x) = -6*x**2 + 2. Let u be s(0). Suppose 3*w = 5*d + w - 23, o = u*d - 5*w - 5. Give j(d).
-1
Suppose -3*n = h - 125, 2*h = -n + 5*n - 170. Let t be (-18)/n - (18/7 + -4). Let s(q) = 2*q**3 + q**2 - 1. Determine s(t).
2
Let z(p) be the second derivative of -p**4/12 - 5*p**3/2 - 3*p**2 + 677*p. Give z(-10).
44
Let x(j) = j**3 - 12*j**2 - 10*j + 13. Let o be x(12). Let f = o - -111. Let i(c) be the first derivative of -2*c**3/3 + 7*c**2/2 - 4*c + 24. What is i(f)?
-8
Let y(x) = x - 5. Let m(t) = 3*t - 9. Let g(d) = 4*m(d) - 7*y(d). Let u(s) = 7*s**2 + 64*s + 56. Let n be u(-1). Calculate g(n).
-6
Let h(x) = -23*x + x**2 - 33*x + 50*x - 12. Let i(s) = -s**2 + 7*s + 13. Let r(p) = -4*h(p) - 3*i(p). Calculate r(4).
5
Let p = -526 + 109. Let b = p + 416. Let c(u) = 11*u**2 + 2*u + 1. Give c(b).
10
Let r(d) = d**2 - 4*d. Let s = 111 - 107. Let o = s - 4. Let k be o - -1 - (-8 + 1 - -3). What is r(k)?
5
Let x(a) = -18*a**3 + 9*a - 4*a - 4*a - 2*a - 9*a**3. What is x(-1)?
28
Let l(r) = -2*r**3 - 5*r**2 + 139*r + 416. Let h be l(-3). Let d(c) = -5*c**3 + 40*c**2 - c + 9. Give d(h).
1
Let p(l) = l**2 - 3*l - 2. Suppose 17*j = 63 + 243. Suppose 7*n = 4 - j. What is p(n)?
8
Let h(r) = 4*r + 6 - 4*r + 580*r**2 - 4*r - 588*r**2. Determine h(-4).
-106
Let s(d) be the third derivative of 0*d - 1/5*d**5 + 115*d**2 - 1/6*d**3 + 0 - 13/24*d**4 + 1/120*d**6. Give s(13).
-1
Let u be (0 + (-2)/(-5))/((-84)/(-1050)). Let h(l) = 3*l + 4. Let r(j) = 8*j + 10. Let p(a) = u*h(a) - 2*r(a). What is p(4)?
-4
Let s(r) be the second derivative of -r**4/4 - r**3/3 + r**2/2 + 6482*r. Let q = -6 + 3. What is s(q)?
-20
Let w(h) = -h**3 - 3*h**2 + 3*h + 4. Let g = -48 - -29. Let b = -17 - g. Let c(f) = -4*f + 4. Let k be c(b). Determine w(k).
8
Suppose -61*q + 132 = -49*q. Let h be 32/(-8) + q + -5. Let g(s) = 5*s - 2*s + s. Calculate g(h).
8
Let n(j) be the second derivative of -j**4/12 - 9*j**3 + 176*j**2 + 10246*j. What is n(6)?
-8
Let o(f) = -f - 3. Let w(p) = 26*p**2 - 1. Let a be w(-1). Suppose 103 = 4*r - r - 5*s, -5*r = 2*s - 151. Let q = a - r. What is o(q)?
3
Let f(x) = -x**2 + 2*x + 12. Let y(n) = -n**3 + 49*n**2 + 49*n + 46. Let w be y(50). Calculate f(w).
-12
Let a(j) = -j**2 - 4*j + 2. Let p(b) = -2*b + 2. Let y(g) = -4*g + 5. Let k be y(2). Let c be p(k). Suppose 5*w + c = -7. What is a(w)?
5
Suppose -4*c = -3*c + 2*k + 7, 21 = -3*c - k. Let r(q) be the third derivative of q**4/24 + q**3/3 + 4015*q**2. Determine r(c).
-5
Let b(i) = 2*i**3 - 23*i**2 + 18*i - 79. Let j be b(11). Let l(k) = -k**3 - 2 + 2*k**2 - k**3 - 2*k + 3*k**3. Give l(j).
2
Let d(w) = w**3 + 5*w**2 - 3*w - 7. Suppose 0 = 3*u - 3, -4*n - 4*u - 48 = -2*n. Let b(l) = -101*l + 1090. Let x be b(11). Let h = n - x. What is d(h)?
8
Let a(q) be the third derivative of -q**5/60 + 7*q**4/12 - 7*q**3/3 + 1247*q**2. Give a(1).
-1
Suppose -39*i - 3*g - 16 = -37*i, 2*g = i - 13. Let a(m) = 12*m**3 + m - 1. Give a(i).
12
Let x(f) = 2*f**2. Suppose -9*q + 1139 + 4612 = 0. Suppose 640*z = q*z - 3. What is x(z)?
18
Suppose 15*o = -o + 8*o. Let r(s) = o*s**3 - 118 + 6*s**2 + 57 + 57 - s**3 - 6*s. Give r(5).
-9
Let p(k) = -68*k**2 + 13*k + 68. Let x(q) = 37*q**2 - 7*q - 37. Let y(u) = -6*p(u) - 11*x(u). Let n = 5 - 7. Calculate y(n).
5
Let g(a) = a**3 - 4*a**2 - 10*a + 7. Let l be 37/2 + (-33)/(-6) + -4. Suppose 2*j - 4*q = 48, -j + 4*q + l = 6*q. Suppose 15*b + 42 = j*b. What is g(b)?
19
Let z(v) be the second derivative of v**5/20 - 7*v**4/12 + v**3/2 - 5*v**2 - 311*v. Let c = -112 - -119. Determine z(c).
11
Let b(o) = -o**3 - 4*o**2 - 1. Suppose 6*q = -230 - 688. Let h = q - -150. What is b(h)?
-10
Let v(m) = m**3 + 9*m**2 - 63*m - 536. Let c be v(-10). Let u(s) = s**3 + 4*s**2 - 14*s - 14. What is u(c)?
-2
Let x(o) = 7*o + 2. Let h(p) = -10*p + 68. Let d be h(6). Let n(c) = -28*c + 221. Let u be n(d). Give x(u).
-19
Suppose -2*z - 44*c - 25 = -49*c, -2*z = -c + 37. Let t be 95/z + 6/(-24). Let d(n) = n**3 + 4*n**2 - 2*n - 4. Calculate d(t).
-19
Let p(u) be the second derivative of u**5/20 - 2*u**3/3 + 3*u**2/2 - 31*u. Determine p(-3).
-12
Let u(f) be the second derivative of -f**3 + 177*f**2/2 - 92*f + 29. Determine u(32).
-15
Let p be (-2363)/(-85) - (-6)/5. Suppose 12*g - p = -17. Let z(u) = 18*u**3 + u**2 - u. Calculate z(g).
18
Let t(d) be the first derivative of d**3/3 + 5*d**2 + 19*d + 2. Suppose 2*q + 44 = 4*v, -3*q + 173*v = 176*v + 3. Calculate t(q).
3
Let f = 127 - 133. Let i(z) = 5*z + 12. Let b(n) = 1 + 6*n + 10 - 10*n + 8*n. Let p(r) = 3*b(r) - 2*i(r). Give p(f).
-3
Let v(k) = 12*k - k**3 + 62 + 26*k**2 - 4*k**2 + 7*k + 25. Calculate v(23).
-5
Let p(m) = 3*m**3 - 7*m**2 - 2*m + 4. Let k(r) = r**3 - r**2 + 1. Let o(z) = 2*z - 6. Let v be o(4). Let w(c) = v*k(c) - p(c). Determine w(5).
8
Let l(c) = 11*c - 13. Let g(z) = 16*z - 15. Let p(h) = -18*h + 15. Let v(m) = 3*g(m) + 2*p(m). Let i(u) = 7*l(u) - 6*v(u). Calculate i(2).
9
Let y(m) be the first derivative of m**4/4 + 5*m**3/3 + m**2/2 + 3*m + 1. Let w be 310/(-186)*(-108)/(-45). Give y(w).
15
Let g be (2 - -1)/((-7 - -8) + 0). Let v(d) = d**2 + 7*d - 6*d + 1 + d + 27*d**g + 12*d**3. What is v(-1)?
-39
Let r(d) = d**2 - 46*d - 562. Suppose -334*m + 168 = -3